6 + 2 + 3. Let n be (7 + -1)/((-36)/24). Give q(n).
5
Let m(h) = h**3 + 3*h**2 - 3*h. Suppose -5*i = -7 - 18. Let f(j) = -i*j + 9 + 4*j - 3. Let b be f(9). What is m(b)?
9
Let s(x) = -8*x - x**2 + 7 + 0 + 0*x. Suppose -11 = 3*i + p + 16, 18 = -2*i + 2*p. Determine s(i).
-2
Suppose 2*n + 2*n - 28 = -4*j, -5*n + 23 = j. Suppose 7*f + n = 11*f. Let a(p) = 11*p + 3. Let u(y) = -4*y - 1. Let v(o) = -2*a(o) - 7*u(o). What is v(f)?
7
Suppose 0 = -7*o + 700 - 602. Let l(u) = u**2 - 13*u - 19. Calculate l(o).
-5
Let j be 1 - 4*6/(-12). Let x(i) be the second derivative of 5/6*i**3 + 7*i + 0 - j*i**2 - 1/12*i**4. Determine x(5).
-6
Let q(s) = -2*s**3 + 15*s**2 + 10*s - 6. Let x(n) = -n**3 + 9*n**2 + 6*n - 3. Let j(v) = -3*q(v) + 5*x(v). What is j(0)?
3
Let h(o) = -o**2 + 5*o - 3. Let a = 12 + -21. Suppose -38 = 5*c + 17. Let z = a - c. Calculate h(z).
3
Let s(c) = 5*c**2 + 3*c**3 - 2*c + 0*c**3 - 2*c**3 - 2 - 4. Let t be (-170)/(-34)*(2 - 3). Determine s(t).
4
Let t(v) = 12*v + 482. Let z be t(-40). Let m(j) = -5*j**2 - 4*j + 3. What is m(z)?
-25
Let u(w) be the first derivative of w**5/120 - w**4/4 + w**3/3 - 1. Let h(p) be the third derivative of u(p). Let v = 156 - 151. Calculate h(v).
-1
Let o(a) = -3*a + 5*a + 0*a + 2. Let p(q) be the second derivative of -3*q**3/2 - 11*q**2/2 + 5*q. Let i(c) = -11*o(c) - 2*p(c). Give i(-1).
4
Let v(l) = -3*l**3 - 1. Let o be v(-1). Let h(p) = -8*p**3 - 5*p - 2. Let b(t) = 22*t**3 - t**2 + 14*t + 5. Let f(m) = -3*b(m) - 8*h(m). Calculate f(o).
-7
Let w(r) = 2*r + 10. Let t be w(-3). Let h(q) = -3*q + 5*q - 3*q + 2*q + t. Let m be ((30/(-3))/2)/1. Determine h(m).
-1
Let j(g) = -g - 2. Let q(s) = -8*s - 9. Let p(x) = 5*j(x) - q(x). Let n(w) be the first derivative of w**3/3 + w**2 - 4*w + 1. Let o be n(-3). What is p(o)?
-4
Let w(k) = -3*k**3 + 5*k**2 + 3*k + 17. Let q(u) = -u**3 - u**2 + 3*u. Let p(z) = -2*q(z) + w(z). What is p(7)?
-4
Let c(x) = 5*x - 7. Let d be c(-8). Let m = d - -47. Let b(r) be the first derivative of -r**3/3 - r**2/2 - 10*r + 1. Determine b(m).
-10
Suppose 5*z = -0*z - 15. Let w be (-13)/z + (-2)/6. Let p(d) = 0*d - d - w*d**2 + 3 - 3. What is p(-1)?
-3
Let b(g) be the second derivative of -g**5/20 + g**3/3 - 7*g**2/2 + 74*g - 2. Give b(0).
-7
Let q(g) = 4*g - 2. Let x(d) = -4*d + 3. Let k(w) = -3*q(w) - 2*x(w). Let p be -6 - (96/12 - 12). What is k(p)?
8
Let m be -2 - 1/1 - (-9 - -4). Let q(g) = -m + 101*g - 205*g + 103*g. Calculate q(4).
-6
Let r(s) = -6*s - 35. Suppose 0 = -h - 3*g - 1, 3*h - 171*g + 25 = -169*g. What is r(h)?
7
Suppose 8*y - 16*y = 8. Let l(c) = 34*c**3 + 1. Calculate l(y).
-33
Let t(q) = 6 - 4 - 7 - 2 + q + 3. What is t(6)?
2
Let r(o) = 2*o**3 - o**2 + 1. Let v(w) = 3*w + 64. Let p be v(-21). Give r(p).
2
Suppose -5*c + 5 = -0*j + j, -25 = -5*j + c. Let y(n) = 4*n - 3*n + n - n - j. Give y(0).
-5
Let y(l) = 10*l - 4. Let d = -270 + 267. What is y(d)?
-34
Let n(r) = -r - 2. Let h(k) = k + 1. Let q = 24 + -21. Let c(z) = q*n(z) + 2*h(z). Let p(f) = -f**3 + 5*f**2 - 4*f - 3. Let i be p(4). What is c(i)?
-1
Let p(d) be the second derivative of -d**4/12 + 2*d**3/3 - 5*d**2/2 + 142*d. Determine p(3).
-2
Let s(v) = v**3 + 10*v**2 + 10*v + 6. Let p be (-354 - 1)/5 - 3. Let c = p + 65. Determine s(c).
-3
Let d(a) = 8*a**2 - 3*a + 2. Let z be (-2)/8 - 15/(-12). Let u be d(z). Let h(s) = -s**2 + 8*s + 1. Determine h(u).
8
Let p be ((-32)/(-12))/1*3. Let s(t) = -p*t + 16*t - 9*t. Calculate s(2).
-2
Let s(o) = -o + 1. Let h be (-1)/4 - (-453)/(-12). Let u = h - -35. Give s(u).
4
Let t(v) be the second derivative of v**4/12 + v**3/2 - v**2 + 578*v. Let z be 2/5 - 22/5. What is t(z)?
2
Suppose 178*q + 5 = 177*q. Let v(k) = k**2 + 8*k + 10. What is v(q)?
-5
Let q(s) be the third derivative of s**5/120 - 7*s**4/24 - 4*s**3/3 - 11*s**2. Let w(g) be the first derivative of q(g). Calculate w(0).
-7
Let p(g) = 9*g + 203. Let x be p(-22). Let w(n) be the third derivative of 1/120*n**6 + 2/3*n**3 + 0 + n**2 + 0*n + 1/12*n**4 + 1/15*n**x. Give w(-3).
7
Let b(a) = -a**2 + 2*a + 5. Let m be b(3). Let g(r) = r**m + 2*r**3 - 2*r + 4 - 11*r**2 - 3*r**3 + 4*r**2. Determine g(-5).
-11
Let q(z) = z**2. Let k(j) = -4*j**2 - 11*j - 8. Let r(i) = -k(i) - 3*q(i). Suppose -50 = -2*w + 7*w. Determine r(w).
-2
Suppose 0 = -4*s - 5696 + 5680. Let d(p) = p**2 + 8*p + 9. What is d(s)?
-7
Let h(s) = s**3 - 5*s**2 - 5*s - 3. Let n be 2/(-6) + (-86)/(-6). Suppose 3*i - 7*i + 4*w = 4, 0 = 4*w. Let z be n*(-3)/(-6) + i. Calculate h(z).
3
Let r(h) = 7*h**3 + 26*h**2 - 9*h + 16. Let o(d) = d**3 + 3*d**2 - d + 1. Let k(t) = 8*o(t) - r(t). Determine k(3).
4
Suppose z + 3*z + 2*w - 18 = 0, -2*z - 3*w = 1. Suppose z*j - 4 = 3*j. Let q(f) = j + 0 - 5 - f. Give q(0).
-4
Let o(t) = -3*t**3 - 16*t**2 + 13*t - 2. Let c(b) = -b**3 - b**2 + 2*b - 2. Let s(a) = -5*c(a) + o(a). What is s(5)?
-2
Suppose -6 = -3*y - 2*o - 2, 0 = 2*y + 5*o + 1. Suppose 11 = y*a - a. Let m(z) = 1 - a*z - 5*z - 6*z**3 + 18*z. What is m(-1)?
5
Let o(g) = g. Let r(u) = 2*u**2 - 4*u + 1. Let b(w) = -w - 5. Let i be b(-3). Let c(l) = i*o(l) - r(l). Give c(2).
-5
Let f(l) = 10*l + 6*l - 16*l - 2 + l**2. Let w(x) = -x**2 + 3. Let i(g) = -8*f(g) - 5*w(g). Let y be 9/(-7) - 2/(-7). Give i(y).
-2
Let b(h) = -12*h + 32. Let v(w) = 68*w - 176. Let p(n) = 28*b(n) + 5*v(n). Determine p(-5).
-4
Let l(j) be the third derivative of 1/20*j**6 - 1/24*j**4 + 0*j**3 + 0*j + 1/60*j**5 - 14*j**2 + 0. Let k = 1 - 0. Determine l(k).
6
Let l(p) = p**3 - 4*p**2 - 5*p - 1. Let n be 742/(-424)*(-32)/14. Give l(n).
-21
Let k(z) be the third derivative of z**5/60 - 11*z**4/24 - 19*z**3/3 - z**2 - 202*z. Determine k(13).
-12
Let c(i) be the third derivative of -7*i**5/30 + i**4/24 + 8*i**2 + 4. Determine c(-1).
-15
Let r(b) be the second derivative of b**4/12 - b**3/2 + 9*b**2/2 + b - 84. Determine r(4).
13
Let x(w) = w - 1. Let n(g) = g**2 + 2*g + 10. Let y(u) = -n(u) - 5*x(u). Let q be 9/15 + (-3)/5. Suppose 0 = 3*m - q + 12. Calculate y(m).
7
Suppose 38*o = 33*o - 5. Let l(q) = 3*q**3 - 3*q**2 - 3*q - 1. Determine l(o).
-4
Let c(q) = 11*q**2 - q**3 - 13*q**2 + 9*q**2 - 2 - 17*q + 5*q. Let r(h) = -h**3 + 7*h**2 - 11*h - 3. Let f(u) = -5*c(u) + 6*r(u). What is f(6)?
-8
Suppose 0 = -j - 0*j + 2*d + 10, d = -3*j - 5. Let y(u) = -u + u - u + j. Suppose -2*w = -p - 49 + 59, p + 5*w = -4. What is y(p)?
-6
Let l = 3339 - 3348. Let h(u) = 0*u + 0*u + 3 - 9*u**2 - u**3. What is h(l)?
3
Let b(m) = -m**2 + 6*m - 8. Let x be 3/((-9)/6) - -6. Let z be -3*x/30*-40. Suppose -32 = -5*c + k, -3*c + 3*k + z = -8. Determine b(c).
-8
Let l(n) be the first derivative of -n**4/4 - 5*n**3/3 + 2*n**2 - 4*n + 138. Determine l(-6).
8
Let q(k) = k - 1. Suppose -3*n = 5*t + 39, 18*t - 14*t + 9 = 5*n. Calculate q(t).
-7
Let v(m) = m**2 - 4*m - 3. Let z = -1064 - -1069. Give v(z).
2
Suppose -2*v - 16 = -4*v. Suppose -4*f = 2*a, -3*a - f = -v*a + 11. Let k(t) = 4*t**2 + t**2 + 3*t**3 - 4*t**2 - t + a*t. Give k(-1).
-3
Let t(g) be the first derivative of g**7/840 - g**6/60 + g**5/120 + 20*g**3/3 - 5. Let l(s) be the third derivative of t(s). Calculate l(6).
6
Let i be (-5)/(-2)*684/285. Let d(x) = -7*x + 37. What is d(i)?
-5
Let y = -57 + 65. Suppose -6*c - y = -4*k - 2*c, 0 = 5*k - 2*c - 10. Let h(l) = l**3 + l**2 - 2*l + 2. Determine h(k).
10
Let z(k) be the first derivative of k**4/2 + k**3/3 + 2*k - 1. Let q(c) = c**2 + 15*c + 6. Let w be q(-13). Let a = 18 + w. Determine z(a).
-10
Let g(b) = -2. Let i(z) = z**3 + 10*z**2 + 12*z - 8. Let v(j) = -g(j) + i(j). What is v(-9)?
-33
Let p(t) = 467 - 461 + t + t. Let q(y) = -y - 2*y - 9 + 4*y. Let i be q(5). Give p(i).
-2
Let b(a) = -2*a**2 - 7*a - 1. Suppose -35 = -25*y + 29*y - 3*o, 5*o = -3*y + 10. Calculate b(y).
-16
Let i(t) = -3*t + 4. Let f = 9 - 23. Let s = f + 24. Let r = s + -6. What is i(r)?
-8
Let y(d) = d**2 + d - 10. Suppose 1 = -5*h + 11. Let c(q) = 7 + h - q - 4. Let l be c(5). Determine y(l).
-10
Let m(s) = -s - 18. Let k be (3 - 20/6)*0 - 0. Give m(k).
-18
Let l(b) = 4*b**3 + b**2 + b - 1. Let w be ((-6)/2 + -23)*4/(-8). Suppose 3*o = -4*s - w, 4*o = -0*o - 3*s - 8. Give l(o).
5
Let o(j) be the third derivative of 2*j**5/15 - j**2 - 149. Suppose 0 = 4*m + m - 3*x + 7, -m + 21 = 5*x. Let n = 0 - m. What is o(n)?
8
Let x be -3*((-9)/(-3) - 4). Su